{"id":15,"date":"2012-06-08T14:03:26","date_gmt":"2012-06-08T14:03:26","guid":{"rendered":"http:\/\/auditore.cab.inta-csic.es\/pruebas\/?page_id=15"},"modified":"2012-06-08T14:03:26","modified_gmt":"2012-06-08T14:03:26","slug":"substellar-objetcs-and-planetary-systems","status":"publish","type":"page","link":"http:\/\/auditore.cab.inta-csic.es\/publications\/substellar-objetcs-and-planetary-systems\/","title":{"rendered":"SUBSTELLAR OBJETCS AND PLANETARY SYSTEMS"},"content":{"rendered":"<p>2012<\/p>\n<ol>\n<li>\nRequena-Torres, M.A., G\u00fcsten, R., Wei\u00df, A., Harris, A.I., Mart\u00edn-Pintado, J., Stutzki, J., Klein, B., Heyminck, S., Risacher, C.<br \/>\nGREAT confirms transient nature of the circum-nuclear disk (2012) Astronomy and Astrophysics, 542, art. no. L21, .<br \/>\nDOI: 10.1051\/0004-6361\/201219068<\/p>\n<\/li>\n<\/ol>\n","protected":false},"excerpt":{"rendered":"<p>2012 Requena-Torres, M.A., G\u00fcsten, R., Wei\u00df, A., Harris, A.I., Mart\u00edn-Pintado, J., Stutzki, J., Klein, B., Heyminck, S., Risacher, C. GREAT confirms transient nature of the circum-nuclear disk (2012) Astronomy and Astrophysics, 542, art. no. L21, . DOI: 10.1051\/0004-6361\/201219068<\/p>\n","protected":false},"author":9,"featured_media":0,"parent":0,"menu_order":0,"comment_status":"open","ping_status":"open","template":"","meta":{"footnotes":""},"class_list":["post-15","page","type-page","status-publish","hentry"],"_links":{"self":[{"href":"http:\/\/auditore.cab.inta-csic.es\/publications\/wp-json\/wp\/v2\/pages\/15","targetHints":{"allow":["GET"]}}],"collection":[{"href":"http:\/\/auditore.cab.inta-csic.es\/publications\/wp-json\/wp\/v2\/pages"}],"about":[{"href":"http:\/\/auditore.cab.inta-csic.es\/publications\/wp-json\/wp\/v2\/types\/page"}],"author":[{"embeddable":true,"href":"http:\/\/auditore.cab.inta-csic.es\/publications\/wp-json\/wp\/v2\/users\/9"}],"replies":[{"embeddable":true,"href":"http:\/\/auditore.cab.inta-csic.es\/publications\/wp-json\/wp\/v2\/comments?post=15"}],"version-history":[{"count":3,"href":"http:\/\/auditore.cab.inta-csic.es\/publications\/wp-json\/wp\/v2\/pages\/15\/revisions"}],"predecessor-version":[{"id":70,"href":"http:\/\/auditore.cab.inta-csic.es\/publications\/wp-json\/wp\/v2\/pages\/15\/revisions\/70"}],"wp:attachment":[{"href":"http:\/\/auditore.cab.inta-csic.es\/publications\/wp-json\/wp\/v2\/media?parent=15"}],"curies":[{"name":"wp","href":"https:\/\/api.w.org\/{rel}","templated":true}]}}