{"id":23,"date":"2012-06-01T14:25:23","date_gmt":"2012-06-01T14:25:23","guid":{"rendered":"http:\/\/auditore.cab.inta-csic.es\/pruebas\/?page_id=23"},"modified":"2012-06-08T14:01:06","modified_gmt":"2012-06-08T14:01:06","slug":"prebiotic-chemistry","status":"publish","type":"page","link":"http:\/\/auditore.cab.inta-csic.es\/publications\/prebiotic-chemistry\/","title":{"rendered":"PREBIOTIC CHEMISTRY"},"content":{"rendered":"<p>2012<\/p>\n<ol>\n<li>\n Merinero, R., Ruiz-Bermejo, M., Menor-Salv\u00e1n, C., Lunar, R., Mart\u00ednez-Fr\u00edas, J.<br \/>\nTracing organic compounds in aerobically altered methane-derived carbonate pipes (Gulf of Cadiz, SW Iberia) (2012) Sedimentary Geology, 263-264, pp. 174-182.<br \/>\nDOI: 10.1016\/j.sedgeo.2011.09.011<\/p>\n<\/li>\n<\/ol>\n","protected":false},"excerpt":{"rendered":"<p>2012 Merinero, R., Ruiz-Bermejo, M., Menor-Salv\u00e1n, C., Lunar, R., Mart\u00ednez-Fr\u00edas, J. Tracing organic compounds in aerobically altered methane-derived carbonate pipes (Gulf of Cadiz, SW Iberia) (2012) Sedimentary Geology, 263-264, pp. 174-182. DOI: 10.1016\/j.sedgeo.2011.09.011<\/p>\n","protected":false},"author":9,"featured_media":0,"parent":0,"menu_order":0,"comment_status":"open","ping_status":"open","template":"","meta":{"footnotes":""},"class_list":["post-23","page","type-page","status-publish","hentry"],"_links":{"self":[{"href":"http:\/\/auditore.cab.inta-csic.es\/publications\/wp-json\/wp\/v2\/pages\/23","targetHints":{"allow":["GET"]}}],"collection":[{"href":"http:\/\/auditore.cab.inta-csic.es\/publications\/wp-json\/wp\/v2\/pages"}],"about":[{"href":"http:\/\/auditore.cab.inta-csic.es\/publications\/wp-json\/wp\/v2\/types\/page"}],"author":[{"embeddable":true,"href":"http:\/\/auditore.cab.inta-csic.es\/publications\/wp-json\/wp\/v2\/users\/9"}],"replies":[{"embeddable":true,"href":"http:\/\/auditore.cab.inta-csic.es\/publications\/wp-json\/wp\/v2\/comments?post=23"}],"version-history":[{"count":3,"href":"http:\/\/auditore.cab.inta-csic.es\/publications\/wp-json\/wp\/v2\/pages\/23\/revisions"}],"predecessor-version":[{"id":58,"href":"http:\/\/auditore.cab.inta-csic.es\/publications\/wp-json\/wp\/v2\/pages\/23\/revisions\/58"}],"wp:attachment":[{"href":"http:\/\/auditore.cab.inta-csic.es\/publications\/wp-json\/wp\/v2\/media?parent=23"}],"curies":[{"name":"wp","href":"https:\/\/api.w.org\/{rel}","templated":true}]}}