{"id":57,"date":"2013-09-19T09:46:33","date_gmt":"2013-09-19T09:46:33","guid":{"rendered":"http:\/\/auditore.cab.inta-csic.es\/solid\/?page_id=57"},"modified":"2017-10-03T09:31:04","modified_gmt":"2017-10-03T09:31:04","slug":"home","status":"publish","type":"page","link":"http:\/\/auditore.cab.inta-csic.es\/solid\/","title":{"rendered":"<!--:es-->INICIO<!--:--><!--:en-->HOME<!--:-->"},"content":{"rendered":"<p><!--:es--><a href=\"http:\/\/auditore.cab.inta-csic.es\/solid\/files\/2013\/09\/P1000364.jpg\" target=\"_blank\"><strong>SOLID<\/strong><\/a> (Signs Of LIfe Detector) es un instrumento basado en un microarray de anticuerpos, que ha sido dise\u00f1ado y construido para la detecci\u00f3n e identificaci\u00f3n de microorganismos y compuestos bioqu\u00edmicos mediante el an\u00e1lisis in situ de residuos s\u00f3lidos (suelos, rocas de tierra o hielo) y muestras l\u00edquidas (<a href=\"http:\/\/www.sciencedirect.com\/science?_ob=ArticleURL&amp;_udi=B6V6T-4G1GFG4-1&amp;_user=4222492&amp;_rdoc=1&amp;_fmt=&amp;_orig=search&amp;_sort=d&amp;view=c&amp;_acct=C000048559&amp;_version=1&amp;_urlVersion=0&amp;_userid=4222492&amp;md5=fec0bf2f75222c3c10cb79c9eefa31a9\" target=\"_blank\"><strong>Parro et al., 2005<\/strong><\/a> , <a href=\"http:\/\/online.liebertpub.com\/doi\/pdf\/10.1089\/ast.2007.0217\" target=\"_blank\">2008<\/a>; <a href=\"http:\/\/online.liebertpub.com\/doi\/abs\/10.1089\/ast.2010.0501\" target=\"_blank\">2011<\/a>). Nuestro sistema incluye todos los mecanismos detectores, as\u00ed como la electr\u00f3nica necesaria para que funcione autom\u00e1ticamente y pueda recoger los resultados. La versi\u00f3n actual (SOLID 3.1) es un instrumento <a href=\"http:\/\/auditore.cab.inta-csic.es\/solid\/files\/2013\/10\/SolidV3_portable.jpg\" target=\"_blank\"><strong>port\u00e1til<\/strong><\/a> probado en campo que puede realizar tanto ensayos de s\u00e1ndwich como inmunoensayos competitivos. SOLID3.1 puede detectar bacterias y compuestos de peso molecular grandes (sobre todo pol\u00edmeros biol\u00f3gicos tales como prote\u00ednas, polisac\u00e1ridos, \u00e1cidos nucleicos), as\u00ed como compuestos de bajo peso molecular. El n\u00facleo de SOLID es de un biosensor de microarrays de anticuerpos, llamado LDChip (Chip detector de Vida), capaz de albergar hasta 500 anticuerpos diferentes para detectar un n\u00famero similar de part\u00edculas potenciales. La versi\u00f3n actual es LDChip451, que contiene m\u00e1s de 450 anticuerpos frente a cepas de bacterias y arqueas, extractos crudos polim\u00e9ricos naturales, prote\u00ednas, polisac\u00e1ridos, \u00e1cidos nucleicos, y peque\u00f1as mol\u00e9culas tales como amino\u00e1cidos, o hidrocarburos poliarom\u00e1ticos.<\/p>\n<p>Nuestra hip\u00f3tesis se basa en la suposici\u00f3n de qu\u00e9, en condiciones ambientales parecidas, los organismos responden y se adaptan con estrategias y mecanismos moleculares similares. Si conocemos y entendemos los entornos terrestres an\u00e1logos a otros cuerpos planetarios, podemos caracterizar algunas de las formas de vida y restos que dejan en el medio, y podemos desarrollar sistemas para la detecci\u00f3n de los mismos. De ese modo podr\u00edamos extrapolar esta metodolog\u00eda para la exploraci\u00f3n planetaria.<br \/>\n<!--:--><!--:en--><a href=\"http:\/\/auditore.cab.inta-csic.es\/solid\/files\/2013\/09\/P1000364.jpg\" target=\"_blank\"><strong>SOLID<\/strong><\/a>\u00a0(Signs Of LIfe Detector) is an antibody microarray-based instrument, designed and built for the detection and identification of microbes and biochemical compounds by in situ analysis of solid (soil, ground rocks or ice) and liquid samples\u00a0<a href=\"http:\/\/www.sciencedirect.com\/science?_ob=ArticleURL&amp;_udi=B6V6T-4G1GFG4-1&amp;_user=4222492&amp;_rdoc=1&amp;_fmt=&amp;_orig=search&amp;_sort=d&amp;view=c&amp;_acct=C000048559&amp;_version=1&amp;_urlVersion=0&amp;_userid=4222492&amp;md5=fec0bf2f75222c3c10cb79c9eefa31a9\" target=\"_blank\"><strong>Parro et al., 2005<\/strong><\/a>;\u00a0<a href=\"http:\/\/online.liebertpub.com\/doi\/pdf\/10.1089\/ast.2007.0217\" target=\"_blank\">2008<\/a>;\u00a0<a href=\"http:\/\/online.liebertpub.com\/doi\/abs\/10.1089\/ast.2010.0501\" target=\"_blank\">2011<\/a>).\u00a0Our system includes all the mechanisms, detectors and electronics needed to automatically operate and collect results. Current version (SOLID 3.1) is a <a href=\"http:\/\/auditore.cab.inta-csic.es\/solid\/files\/2013\/10\/SolidV3_portable.jpg\" target=\"_blank\"><strong>portable<\/strong><\/a>\u00a0field tested instrument that can use either sandwich or competitive immunoassays. SOLID3.1 can detect bacteria and large molecular weight compounds (mostly biological polymers such as proteins, polysaccharides, nucleic acids) from the environment as well as small molecular weight compounds. The core of SOLID is an antibody microarray biosensor, the so called LDChip (Life Detector Chip), capable of allocate up to 500 different antibodies to detect similar number of potential targets. Current version is LDChip451, which contains more than 450 antibodies to bacterial and archaeal strains, crude natural polymeric extracts, proteins, polysaccharides, nucleic acids, and small molecules such as aminoacids, or polyaromatic hydrocarbons.<\/p>\n<p>Our hypothesis is based on the assumption that, under similar environmental conditions, organisms respond and adapt with similar strategies and molecular mechanisms. If we know and understand the terrestrial analogue environments to other planetary bodies, we characterize some of the life forms and the remains they leave in the medium, and develop systems for detecting them, then we could extrapolate this methodology for planetary exploration.<!--:--><\/p>\n","protected":false},"excerpt":{"rendered":"<p>SOLID (Signs Of LIfe Detector) es un instrumento basado en un microarray de anticuerpos, que ha sido dise\u00f1ado y construido para la detecci\u00f3n e identificaci\u00f3n de microorganismos y compuestos bioqu\u00edmicos mediante el an\u00e1lisis in situ de residuos s\u00f3lidos (suelos, rocas de tierra o hielo) y muestras l\u00edquidas (Parro et al., 2005 , 2008; 2011). Nuestro sistema incluye todos los mecanismos detectores, as\u00ed como la electr\u00f3nica necesaria para que funcione autom\u00e1ticamente y pueda recoger los resultados. La versi\u00f3n actual (SOLID 3.1) es un instrumento port\u00e1til probado en campo que puede realizar tanto ensayos de s\u00e1ndwich como inmunoensayos competitivos. SOLID3.1 puede detectar bacterias y compuestos de peso molecular grandes (sobre todo pol\u00edmeros biol\u00f3gicos tales como prote\u00ednas, polisac\u00e1ridos, \u00e1cidos nucleicos), as\u00ed como compuestos de bajo peso molecular. El n\u00facleo de SOLID es de un biosensor de microarrays de anticuerpos, llamado LDChip (Chip detector de Vida), capaz de albergar hasta 500 anticuerpos diferentes para detectar un n\u00famero similar de part\u00edculas potenciales. La versi\u00f3n actual es LDChip451, que contiene m\u00e1s de 450 anticuerpos frente a cepas de bacterias y arqueas, extractos crudos polim\u00e9ricos naturales, prote\u00ednas, polisac\u00e1ridos, \u00e1cidos nucleicos, y peque\u00f1as mol\u00e9culas tales como amino\u00e1cidos, o hidrocarburos poliarom\u00e1ticos. Nuestra hip\u00f3tesis se basa en la suposici\u00f3n de qu\u00e9, en condiciones ambientales parecidas, los organismos responden y se adaptan con estrategias y mecanismos moleculares similares. Si conocemos y entendemos los entornos terrestres an\u00e1logos a otros cuerpos planetarios, podemos caracterizar algunas de las formas de vida y restos que dejan en el medio, y podemos desarrollar sistemas para la detecci\u00f3n de los mismos. De ese modo podr\u00edamos extrapolar esta metodolog\u00eda para la exploraci\u00f3n planetaria. SOLID\u00a0(Signs Of LIfe Detector) is an antibody microarray-based instrument, designed and built for the detection and identification of microbes and biochemical compounds by in situ analysis of solid (soil, ground rocks or ice) and liquid<\/p>\n<a class=\"more-link\" rel=\"nofollow\" href=\"http:\/\/auditore.cab.inta-csic.es\/solid\/\">[Read More...]<\/a>","protected":false},"author":35,"featured_media":0,"parent":0,"menu_order":0,"comment_status":"open","ping_status":"open","template":"","meta":{"ngg_post_thumbnail":0,"footnotes":""},"class_list":["post-57","page","type-page","status-publish","hentry"],"_links":{"self":[{"href":"http:\/\/auditore.cab.inta-csic.es\/solid\/wp-json\/wp\/v2\/pages\/57","targetHints":{"allow":["GET"]}}],"collection":[{"href":"http:\/\/auditore.cab.inta-csic.es\/solid\/wp-json\/wp\/v2\/pages"}],"about":[{"href":"http:\/\/auditore.cab.inta-csic.es\/solid\/wp-json\/wp\/v2\/types\/page"}],"author":[{"embeddable":true,"href":"http:\/\/auditore.cab.inta-csic.es\/solid\/wp-json\/wp\/v2\/users\/35"}],"replies":[{"embeddable":true,"href":"http:\/\/auditore.cab.inta-csic.es\/solid\/wp-json\/wp\/v2\/comments?post=57"}],"version-history":[{"count":14,"href":"http:\/\/auditore.cab.inta-csic.es\/solid\/wp-json\/wp\/v2\/pages\/57\/revisions"}],"predecessor-version":[{"id":896,"href":"http:\/\/auditore.cab.inta-csic.es\/solid\/wp-json\/wp\/v2\/pages\/57\/revisions\/896"}],"wp:attachment":[{"href":"http:\/\/auditore.cab.inta-csic.es\/solid\/wp-json\/wp\/v2\/media?parent=57"}],"curies":[{"name":"wp","href":"https:\/\/api.w.org\/{rel}","templated":true}]}}