{"id":157,"date":"2011-07-21T14:31:46","date_gmt":"2011-07-21T13:31:46","guid":{"rendered":"http:\/\/auditore.cab.inta-csic.es\/consolider-ingenio-astromol\/?page_id=157"},"modified":"2014-05-22T09:44:57","modified_gmt":"2014-05-22T08:44:57","slug":"congresos-conferencias-consolider-ingenio-astromol","status":"publish","type":"page","link":"https:\/\/auditore.cab.inta-csic.es\/consolider-ingenio-astromol\/congresos-conferencias-consolider-ingenio-astromol","title":{"rendered":"Conferences and meetings"},"content":{"rendered":"<div align=\"justify\">\n<p><u>UPCOMING CONFERENCES AND MEETINGS (2014)<\/u><\/p>\n<li><a href=\"http:\/\/aas.org\/aas-224th-meeting\/224th-meeting-laboratory-astrophysics-division-sessions\" target=\"_blank\">224th Meeting Laboratory Astrophysics Division Sessions<\/a> (Boston, MA &#8211; USA, June 1-5, 2014)<\/li>\n<li><a href=\"http:\/\/isms.illinois.edu\/\" target=\"_blank\">International Symposium on Molecular Spectroscopy (69th Meeting)&#8221;<\/a> (June 16-20, 2014 &#8211; Champaign-Urbana, Illinois, USA).<\/li>\n<li><a href=\"http:\/\/www.ast.cam.ac.uk\/meetings\/2014\/AcrossHR\" target=\"_blank\">Characterizing Planetary Systems Across the HR Diagram<\/a> (University of Cambridge, Institute of Astronomy, Cambridge 28 July &#8211; 1 August 2014).<\/li>\n<li><a href=\"http:\/\/cospar2014moscow.com\/\" target=\"_blank\">The 40th COSPAR Scientific Assembly<\/a> (2\u201310 August, 2014, Moscow, Russia).<\/li>\n<li><a href=\"http:\/\/www.acs.org\/content\/acs\/en\/meetings\/fall-2014.html\" target=\"_blank\">248th ACS National Meeting &amp; Exposition<\/a> (August 10-14, 2014, San Francisco, CA, USA).<\/li>\n<li><a href=\"http:\/\/www.chem.uni-wuppertal.de\/conference\/\" target=\"_blank\">BOLOGNA2014: The 23rd International Conference on High Resolution Molecular Spectroscopy<\/a> (Bologna, Italy, September 2-6, 2014 ).<\/li>\n<li><a href=\"http:\/\/www.sea-astronomia.es\/drupal\/SEA2014\/\" target=\"_blank\">XI Reuni\u00f3n Cient\u00edfica de la Sociedad Espa\u00f1ola de Astronom\u00eda<\/a> (Teruel, Spain, September 8-12, 2014 ).<\/li>\n<hr \/>\n<p><u>PAST CONFERENCES AND MEETINGS<\/u><\/p>\n<li><a href=\"http:\/\/www.sciops.esa.int\/index.php?project=CONF2012&amp;page=SF2013\" target=\"_blank\">Star and planet formation workshop<\/a> (ESAC, Villanueva de la Ca\u00f1ada, Madrid, Spain, 21 January 2013)<\/li>\n<li><a href=\"http:\/\/www.chem.hawaii.edu\/Bil301\/Ice2013.html\" target=\"_blank\">First Workshop on &#8220;Experimental Laboratory Astrophysics&#8221;<\/a> (Poipu, Kauai, Hawaii, February 25-27, 2013).<\/li>\n<li><a href=\"http:\/\/conference.astro.ufl.edu\/STARSTOLIFE\/STL\/Home.html\" target=\"_blank\">From Stars to Life &#8211; Connecting our understanding of star formation, planet formation, astrochemistry and astrobiology<\/a> (Florida, 3-6 April 2013).<\/li>\n<li><a href=\"http:\/\/www.cv.nrao.edu\/rocks\/index.html\" target=\"_blank\">Transformational Science with ALMA: From Dust to Rocks to Planets Formation and Evolution of Planetary Systems<\/a> (8\u201312 April, 2013, Hilton Waikoloa Village, The Big Island of Hawaii).<\/li>\n<li><a href=\"http:\/\/www.ir.isas.jaxa.jp\/SPICA\/spica2013\/index.html\" target=\"_blank\">SPICA Science Conference 2013 &#8211; From exoplanets to distant galaxies: SPICA\u00b4s new window on the cool Universe<\/a> (18\u201321 June, 2013, Tokyo, Japan).<\/li>\n<li><a href=\"http:\/\/www.astro.utu.fi\/EWASS2013\/index.php\" target=\"_blank\">European Week of Astronomy and Space Science &#8212; EWASS 2013<\/a> (8-13 July, 2013, Turku, Finland). The special session <a href=\"http:\/\/www.helsinki.fi\/~mjuvela\/ewass_sp8.html\" target=\"_blank\">&#8220;Galactic molecular clouds and their chemistry&#8221;<\/a> will be arranged on July 10-11 to concentrate on the chemistry in dense interstellar medium, especially in connection with the star formation process.<\/li>\n<li><a href=\"http:\/\/www.freeradicals2013.de\/\" target=\"_blank\">32<sup>nd<\/sup> International Symposium on Free Radicals<\/a> (21-26 July 2013, Postdam, Germany)<\/li>\n<li><a href=\"http:\/\/congrexprojects.com\/13a12\/\" target=\"_blank\">The Universe explored by Herschel<\/a> (15\u201318 October, 2013, ESA-ESTEC, Noordwijk, The Netherlands).<\/li>\n<li><a href=\"http:\/\/www.astroscu.unam.mx\/IA\/index.php?option=com_content&amp;view=article&amp;id=676:apnvi&amp;lang=es\" target=\"_blank\">Asymmetrical Planetary Nebulae VI Conference<\/a> (4\u20138 November, 2013, Riviera Maya, Mexico).<\/li>\n<hr \/>\n<p><u><strong>ASTROMOL<\/strong> CONFERENCES AND MEETINGS<\/u><\/p>\n<ul>\n<li><strong><span style=\"color:blue\"><a href=\"http:\/\/www.cab.inta-csic.es\/mol_astro_second_national_conf\/\" target=\"_blank\">II National Conference on Laboratory and Molecular Astrophysics<\/a><\/span><\/strong>\n\t<\/li>\n<li>Date: <span style=\"text-decoration: underline\">14-16 November, 2012<\/span><\/li>\n<li>Place of event: Universidad Pablo de Olavide (Sevilla, Espa\u00f1a)<\/li>\n<li>Brief summary: This conference encompassed Astronomy, Physics, and Chemistry to deal with the income of new instrumental developments in the Chemical-Physics Laboratories that will grant access to a series of experiments whose results will be most relevant for the interpretation and analysis of the data obtained with Herschel and ALMA. 100 participants attended the conference with the special participation of 9 national and international invited speakers.<\/li>\n<li>Local Organising Committee: Universidad Pablo de Olavide, Centro de Astrobiolog\u00eda (CSIC-INTA), Observatorio Astron\u00f3mico Nacional (IGN).<\/li>\n<hr \/>\n<\/ul>\n<ul>\n<li><strong><span style=\"color:blue\"><a href=\"http:\/\/www.cab.inta-csic.es\/molecular_universe_2011\" target=\"_blank\">The Molecular Universe<\/a><\/span><\/strong> (<a href=\"http:\/\/www.iau.org\/\" target=\"_blank\">International Astronomical Union IAU<\/a>\u00a0 Symposium number 280)\n\t<\/li>\n<li>Date: <span style=\"text-decoration: underline\">30 May &#8211; 3 June, 2011<\/span><\/li>\n<li>Place: Campus de la F\u00e1brica de Armas de Toledo (Universidad de Castilla-La Mancha, Toledo, Espa\u00f1a)<\/li>\n<li>Brief summary: This symposium covered the entire field of astrochemistry in order to make investigators aware of the many new advances of the last 6 years, and to acquaint them with the explosive growth in the subject to be coming in the next few years in the ALMA, JWST and ELT eras. A summary of the symposium attendance is the following:<br \/>\n-Number of participants: 435 researchers from 31 countries worldwide (number of pre-registered participants: 525)<br \/>\n-Number of review and invited contributions: 42 contributions<br \/>\n-Number of oral contributions: 32 contributions<br \/>\n-Number of poster contributions: 327 contributions (three special-dedicated poster sessions)\n<\/li>\n<li>Organisation: IAU, Centro de Astrobiolog\u00eda (CSIC-INTA), Observatorio Astron\u00f3mico Nacional (IGN) and Universidad de Castilla La Mancha (UCLM).<\/li>\n<hr \/>\n<\/ul>\n<hr \/>\n<\/div>\n","protected":false},"excerpt":{"rendered":"<p>UPCOMING CONFERENCES AND MEETINGS (2014) 224th Meeting Laboratory Astrophysics Division Sessions (Boston, MA &#8211; USA, June 1-5, 2014) International Symposium on Molecular Spectroscopy (69th Meeting)&#8221; (June 16-20, 2014 &#8211; Champaign-Urbana, Illinois, USA). Characterizing Planetary Systems Across the HR Diagram (University &hellip; <a href=\"https:\/\/auditore.cab.inta-csic.es\/consolider-ingenio-astromol\/congresos-conferencias-consolider-ingenio-astromol\">Continue reading <span class=\"meta-nav\">&rarr;<\/span><\/a><\/p>\n","protected":false},"author":11,"featured_media":0,"parent":0,"menu_order":3,"comment_status":"open","ping_status":"closed","template":"full-width-page.php","meta":{"_monsterinsights_skip_tracking":false,"_monsterinsights_sitenote_active":false,"_monsterinsights_sitenote_note":"","_monsterinsights_sitenote_category":0,"footnotes":""},"class_list":["post-157","page","type-page","status-publish","hentry"],"_links":{"self":[{"href":"https:\/\/auditore.cab.inta-csic.es\/consolider-ingenio-astromol\/wp-json\/wp\/v2\/pages\/157","targetHints":{"allow":["GET"]}}],"collection":[{"href":"https:\/\/auditore.cab.inta-csic.es\/consolider-ingenio-astromol\/wp-json\/wp\/v2\/pages"}],"about":[{"href":"https:\/\/auditore.cab.inta-csic.es\/consolider-ingenio-astromol\/wp-json\/wp\/v2\/types\/page"}],"author":[{"embeddable":true,"href":"https:\/\/auditore.cab.inta-csic.es\/consolider-ingenio-astromol\/wp-json\/wp\/v2\/users\/11"}],"replies":[{"embeddable":true,"href":"https:\/\/auditore.cab.inta-csic.es\/consolider-ingenio-astromol\/wp-json\/wp\/v2\/comments?post=157"}],"version-history":[{"count":37,"href":"https:\/\/auditore.cab.inta-csic.es\/consolider-ingenio-astromol\/wp-json\/wp\/v2\/pages\/157\/revisions"}],"predecessor-version":[{"id":1985,"href":"https:\/\/auditore.cab.inta-csic.es\/consolider-ingenio-astromol\/wp-json\/wp\/v2\/pages\/157\/revisions\/1985"}],"wp:attachment":[{"href":"https:\/\/auditore.cab.inta-csic.es\/consolider-ingenio-astromol\/wp-json\/wp\/v2\/media?parent=157"}],"curies":[{"name":"wp","href":"https:\/\/api.w.org\/{rel}","templated":true}]}}