{"id":101,"date":"2016-03-07T13:12:09","date_gmt":"2016-03-07T12:12:09","guid":{"rendered":"http:\/\/auditore.cab.inta-csic.es\/galaxias\/?page_id=101"},"modified":"2017-11-22T08:18:08","modified_gmt":"2017-11-22T07:18:08","slug":"acrespo","status":"publish","type":"page","link":"https:\/\/auditore.cab.inta-csic.es\/galaxias\/people\/acrespo\/","title":{"rendered":"Alejandro Crespo G\u00f3mez"},"content":{"rendered":"<p><strong>Email:<\/strong>\u00a0 \u00a0 acrespo (+@cab.inta-csic.es)<br \/>\n<strong>Phone:<\/strong>\u00a0 \u00a0+34 915 872\u00a0969<br \/>\n<strong>Fax:<\/strong>\u00a0 \u00a0 \u00a0 \u00a0 +34\u00a0915 201 074<\/p>\n<p><strong>Address<\/strong><br \/>\nCentro de Astrobiolog\u00eda (CSIC\/INTA)<br \/>\nInstituto Nacional de T\u00e9cnica Aeroespacial<br \/>\nCtra de Torrej\u00f3n a Ajalvir, km 4<br \/>\n28850 Torrej\u00f3n de Ardoz, Madrid Spain<\/p>\n<p>Personal homepage<\/p>\n","protected":false},"excerpt":{"rendered":"<p>Email:\u00a0 \u00a0 acrespo (+@cab.inta-csic.es) Phone:\u00a0 \u00a0+34 915 872\u00a0969 Fax:\u00a0 \u00a0 \u00a0 \u00a0 +34\u00a0915 201 074 Address Centro de Astrobiolog\u00eda (CSIC\/INTA) Instituto Nacional de T\u00e9cnica Aeroespacial Ctra de Torrej\u00f3n a Ajalvir, km 4 28850 Torrej\u00f3n de Ardoz, Madrid Spain Personal homepage<\/p>\n","protected":false},"author":72,"featured_media":0,"parent":10,"menu_order":0,"comment_status":"closed","ping_status":"closed","template":"sidebar-page.php","meta":{"footnotes":""},"class_list":["post-101","page","type-page","status-publish","hentry"],"_links":{"self":[{"href":"https:\/\/auditore.cab.inta-csic.es\/galaxias\/wp-json\/wp\/v2\/pages\/101","targetHints":{"allow":["GET"]}}],"collection":[{"href":"https:\/\/auditore.cab.inta-csic.es\/galaxias\/wp-json\/wp\/v2\/pages"}],"about":[{"href":"https:\/\/auditore.cab.inta-csic.es\/galaxias\/wp-json\/wp\/v2\/types\/page"}],"author":[{"embeddable":true,"href":"https:\/\/auditore.cab.inta-csic.es\/galaxias\/wp-json\/wp\/v2\/users\/72"}],"replies":[{"embeddable":true,"href":"https:\/\/auditore.cab.inta-csic.es\/galaxias\/wp-json\/wp\/v2\/comments?post=101"}],"version-history":[{"count":6,"href":"https:\/\/auditore.cab.inta-csic.es\/galaxias\/wp-json\/wp\/v2\/pages\/101\/revisions"}],"predecessor-version":[{"id":479,"href":"https:\/\/auditore.cab.inta-csic.es\/galaxias\/wp-json\/wp\/v2\/pages\/101\/revisions\/479"}],"up":[{"embeddable":true,"href":"https:\/\/auditore.cab.inta-csic.es\/galaxias\/wp-json\/wp\/v2\/pages\/10"}],"wp:attachment":[{"href":"https:\/\/auditore.cab.inta-csic.es\/galaxias\/wp-json\/wp\/v2\/media?parent=101"}],"curies":[{"name":"wp","href":"https:\/\/api.w.org\/{rel}","templated":true}]}}