{"id":104,"date":"2022-12-21T12:55:55","date_gmt":"2022-12-21T11:55:55","guid":{"rendered":"https:\/\/auditore.cab.inta-csic.es\/harmoni\/?page_id=104"},"modified":"2026-02-11T19:29:19","modified_gmt":"2026-02-11T18:29:19","slug":"dr-santiago-arribas-mocoroa","status":"publish","type":"page","link":"https:\/\/auditore.cab.inta-csic.es\/harmoni\/members\/dr-santiago-arribas-mocoroa\/","title":{"rendered":"Dr. Santiago Arribas Mocoroa"},"content":{"rendered":"\n<p>PhD in Astrophysics. Project Deputy Co-I and member of the Science Team.<\/p>\n\n\n\n<p><strong>Email:<\/strong>&nbsp; &nbsp; arribas@cab.inta-csic.es<br><strong>Phone:<\/strong>&nbsp; &nbsp;+34 915 872 990<\/p>\n\n\n\n<p><strong>Address<\/strong><br>Departamento de Astrof\u00edsica<br>Formaci\u00f3n y evoluci\u00f3n de galaxias<br>Centro de Astrobiolog\u00eda (INTA-CSIC)<\/p>\n\n\n\n<p>Campus Torrej\u00f3n (Sede Central) del Instituto Nacional de T\u00e9cnica Aeroespacial<br>Ctra de Torrej\u00f3n a Ajalvir, km 4<br>28850 Torrej\u00f3n de Ardoz, Madrid, Spain<\/p>\n\n\n\n<p><\/p>\n","protected":false},"excerpt":{"rendered":"<p>PhD in Astrophysics. Project Deputy Co-I and member of the Science Team. Email:&nbsp; &nbsp; arribas@cab.inta-csic.esPhone:&nbsp; &nbsp;+34 915 872 990 AddressDepartamento de Astrof\u00edsicaFormaci\u00f3n y evoluci\u00f3n de galaxiasCentro de Astrobiolog\u00eda (INTA-CSIC) Campus Torrej\u00f3n (Sede Central) del Instituto Nacional de T\u00e9cnica AeroespacialCtra de Torrej\u00f3n a Ajalvir, km 428850 Torrej\u00f3n de Ardoz, Madrid, Spain<\/p>\n","protected":false},"author":84,"featured_media":0,"parent":29,"menu_order":1,"comment_status":"closed","ping_status":"closed","template":"","meta":{"ngg_post_thumbnail":0,"footnotes":"","_links_to":"","_links_to_target":""},"class_list":["post-104","page","type-page","status-publish","hentry"],"blocksy_meta":[],"_links":{"self":[{"href":"https:\/\/auditore.cab.inta-csic.es\/harmoni\/wp-json\/wp\/v2\/pages\/104","targetHints":{"allow":["GET"]}}],"collection":[{"href":"https:\/\/auditore.cab.inta-csic.es\/harmoni\/wp-json\/wp\/v2\/pages"}],"about":[{"href":"https:\/\/auditore.cab.inta-csic.es\/harmoni\/wp-json\/wp\/v2\/types\/page"}],"author":[{"embeddable":true,"href":"https:\/\/auditore.cab.inta-csic.es\/harmoni\/wp-json\/wp\/v2\/users\/84"}],"replies":[{"embeddable":true,"href":"https:\/\/auditore.cab.inta-csic.es\/harmoni\/wp-json\/wp\/v2\/comments?post=104"}],"version-history":[{"count":7,"href":"https:\/\/auditore.cab.inta-csic.es\/harmoni\/wp-json\/wp\/v2\/pages\/104\/revisions"}],"predecessor-version":[{"id":1092,"href":"https:\/\/auditore.cab.inta-csic.es\/harmoni\/wp-json\/wp\/v2\/pages\/104\/revisions\/1092"}],"up":[{"embeddable":true,"href":"https:\/\/auditore.cab.inta-csic.es\/harmoni\/wp-json\/wp\/v2\/pages\/29"}],"wp:attachment":[{"href":"https:\/\/auditore.cab.inta-csic.es\/harmoni\/wp-json\/wp\/v2\/media?parent=104"}],"curies":[{"name":"wp","href":"https:\/\/api.w.org\/{rel}","templated":true}]}}