{"id":128,"date":"2022-12-21T13:16:25","date_gmt":"2022-12-21T12:16:25","guid":{"rendered":"https:\/\/auditore.cab.inta-csic.es\/harmoni\/?page_id=128"},"modified":"2026-02-11T19:36:45","modified_gmt":"2026-02-11T18:36:45","slug":"gonzalo-jose-carracedo-carballal","status":"publish","type":"page","link":"https:\/\/auditore.cab.inta-csic.es\/harmoni\/members\/gonzalo-jose-carracedo-carballal\/","title":{"rendered":"Gonzalo Jos\u00e9 Carracedo Carballal"},"content":{"rendered":"\n<p>PhD Student and Software Engineer. Designer of the Instrument Corrective Model.<\/p>\n\n\n\n<p><strong>Email:<\/strong>&nbsp; &nbsp; gcarracedo@cab.inta-csic.es<br><strong>Phone:<\/strong>&nbsp; &nbsp;+34 915 201 959 <br><strong>Personal website:<\/strong> <a href=\"https:\/\/www.actinid.org\/\" target=\"_blank\" rel=\"noreferrer noopener\">https:\/\/www.actinid.org\/<\/a><\/p>\n\n\n\n<p><strong>Address<\/strong><br>Departamento de Astrof\u00edsica<br>Formaci\u00f3n y evoluci\u00f3n de galaxias<br>Centro de Astrobiolog\u00eda (INTA-CSIC)<\/p>\n\n\n\n<p>Campus Torrej\u00f3n (Sede Central) del Instituto Nacional de T\u00e9cnica Aeroespacial<br>Ctra de Torrej\u00f3n a Ajalvir, km 4<br>28850 Torrej\u00f3n de Ardoz, Madrid, Spain<\/p>\n\n\n\n<p><\/p>\n","protected":false},"excerpt":{"rendered":"<p>PhD Student and Software Engineer. Designer of the Instrument Corrective Model. Email:&nbsp; &nbsp; gcarracedo@cab.inta-csic.esPhone:&nbsp; &nbsp;+34 915 201 959 Personal website: https:\/\/www.actinid.org\/ AddressDepartamento de Astrof\u00edsicaFormaci\u00f3n y evoluci\u00f3n de galaxiasCentro de Astrobiolog\u00eda (INTA-CSIC) Campus Torrej\u00f3n (Sede Central) del Instituto Nacional de T\u00e9cnica AeroespacialCtra de Torrej\u00f3n a Ajalvir, km 428850 Torrej\u00f3n de Ardoz, Madrid, Spain<\/p>\n","protected":false},"author":84,"featured_media":0,"parent":29,"menu_order":6,"comment_status":"closed","ping_status":"closed","template":"","meta":{"ngg_post_thumbnail":0,"footnotes":"","_links_to":"","_links_to_target":""},"class_list":["post-128","page","type-page","status-publish","hentry"],"blocksy_meta":[],"_links":{"self":[{"href":"https:\/\/auditore.cab.inta-csic.es\/harmoni\/wp-json\/wp\/v2\/pages\/128","targetHints":{"allow":["GET"]}}],"collection":[{"href":"https:\/\/auditore.cab.inta-csic.es\/harmoni\/wp-json\/wp\/v2\/pages"}],"about":[{"href":"https:\/\/auditore.cab.inta-csic.es\/harmoni\/wp-json\/wp\/v2\/types\/page"}],"author":[{"embeddable":true,"href":"https:\/\/auditore.cab.inta-csic.es\/harmoni\/wp-json\/wp\/v2\/users\/84"}],"replies":[{"embeddable":true,"href":"https:\/\/auditore.cab.inta-csic.es\/harmoni\/wp-json\/wp\/v2\/comments?post=128"}],"version-history":[{"count":13,"href":"https:\/\/auditore.cab.inta-csic.es\/harmoni\/wp-json\/wp\/v2\/pages\/128\/revisions"}],"predecessor-version":[{"id":1099,"href":"https:\/\/auditore.cab.inta-csic.es\/harmoni\/wp-json\/wp\/v2\/pages\/128\/revisions\/1099"}],"up":[{"embeddable":true,"href":"https:\/\/auditore.cab.inta-csic.es\/harmoni\/wp-json\/wp\/v2\/pages\/29"}],"wp:attachment":[{"href":"https:\/\/auditore.cab.inta-csic.es\/harmoni\/wp-json\/wp\/v2\/media?parent=128"}],"curies":[{"name":"wp","href":"https:\/\/api.w.org\/{rel}","templated":true}]}}