{"id":41,"date":"2016-03-06T20:22:45","date_gmt":"2016-03-06T19:22:45","guid":{"rendered":"http:\/\/auditore.cab.inta-csic.es\/mateo-marti\/?page_id=41"},"modified":"2016-03-13T19:02:44","modified_gmt":"2016-03-13T18:02:44","slug":"contact","status":"publish","type":"page","link":"https:\/\/auditore.cab.inta-csic.es\/mateo-marti\/contact\/","title":{"rendered":"CONTACT"},"content":{"rendered":"<p style=\"text-align: left\"><strong>Centro de Astrobiologia (CAB: INTA\/CSIC) <\/strong><\/p>\n<p style=\"text-align: left\">Instituto Nacional de T\u00e9cnica Aeroespacial (INTA)<\/p>\n<p style=\"text-align: left\">Ctra. de Torrej\u00f3n a Ajalvir Km.4 28850<\/p>\n<p style=\"text-align: left\">Torrej\u00f3n de Ardoz &#8211; Madrid (Spain)<\/p>\n<p style=\"text-align: left\"><strong>e-mail: <\/strong><strong>mateome@cab.inta-csic.es<\/strong><\/p>\n<p style=\"text-align: left\">Tel: +34-91 587 29 73<\/p>\n","protected":false},"excerpt":{"rendered":"<p>Centro de Astrobiologia (CAB: INTA\/CSIC) Instituto Nacional de T\u00e9cnica Aeroespacial (INTA) Ctra. de Torrej\u00f3n a Ajalvir Km.4 28850 Torrej\u00f3n de Ardoz &#8211; Madrid (Spain) e-mail: mateome@cab.inta-csic.es Tel: +34-91 587 29 73<\/p>\n","protected":false},"author":70,"featured_media":0,"parent":0,"menu_order":0,"comment_status":"closed","ping_status":"closed","template":"","meta":{"footnotes":""},"class_list":["post-41","page","type-page","status-publish","hentry"],"_links":{"self":[{"href":"https:\/\/auditore.cab.inta-csic.es\/mateo-marti\/wp-json\/wp\/v2\/pages\/41","targetHints":{"allow":["GET"]}}],"collection":[{"href":"https:\/\/auditore.cab.inta-csic.es\/mateo-marti\/wp-json\/wp\/v2\/pages"}],"about":[{"href":"https:\/\/auditore.cab.inta-csic.es\/mateo-marti\/wp-json\/wp\/v2\/types\/page"}],"author":[{"embeddable":true,"href":"https:\/\/auditore.cab.inta-csic.es\/mateo-marti\/wp-json\/wp\/v2\/users\/70"}],"replies":[{"embeddable":true,"href":"https:\/\/auditore.cab.inta-csic.es\/mateo-marti\/wp-json\/wp\/v2\/comments?post=41"}],"version-history":[{"count":5,"href":"https:\/\/auditore.cab.inta-csic.es\/mateo-marti\/wp-json\/wp\/v2\/pages\/41\/revisions"}],"predecessor-version":[{"id":56,"href":"https:\/\/auditore.cab.inta-csic.es\/mateo-marti\/wp-json\/wp\/v2\/pages\/41\/revisions\/56"}],"wp:attachment":[{"href":"https:\/\/auditore.cab.inta-csic.es\/mateo-marti\/wp-json\/wp\/v2\/media?parent=41"}],"curies":[{"name":"wp","href":"https:\/\/api.w.org\/{rel}","templated":true}]}}